3 + 2*d**2 - d + 2. What is s(x)?
0
Suppose 36 - 1 = 5*v. Let n(i) be the first derivative of i**2/2 - 226. Determine n(v).
7
Let q(n) be the third derivative of n**7/420 - n**6/720 + n**5/120 - 2*n**4/3 - 37*n**2. Let h(k) be the second derivative of q(k). Give h(1).
6
Let l(s) = -6*s**3 - 8*s**2 - 25*s + 4. Let v(t) = -t**3 - 2*t**2 - 5*t + 1. Let h(x) = -2*l(x) + 11*v(x). Determine h(6).
-27
Let n = -884 - -881. Let u(k) = k**3 - 2*k**2 - 2*k - 3. What is u(n)?
-42
Let l(k) = -k**2 + 5*k + 12. Suppose 10*d = 64 + 6. Determine l(d).
-2
Let r(q) = -q - 8. Let y = 5 - 66. Let x = y - -54. Give r(x).
-1
Let d = 46 + -19. Let y be 4/8*(-7 + 7). Let u(v) = -d + v + 33 + y*v. Determine u(-3).
3
Suppose -3*q + 0*q + 3*v = -21, -2*q - 3*v = 11. Let x(f) = 3*f**2 + q - f - 7*f - 4*f**2. Calculate x(-7).
9
Suppose 2*p - j = 10, 4*j = j. Let w(t) = -t + 2 - p - 3 + 5. Determine w(-6).
5
Let b(n) = 36*n**2 + 33*n**2 - 6*n - 66*n**2 + 12. Let o(c) = 2*c**2 - 3*c + 6. Let s(d) = -3*b(d) + 5*o(d). What is s(-5)?
4
Let a(u) = -u**3 + 11*u**2 + 2*u - 8. Suppose -20*d = -16*d - 3*z - 56, -5*z = -3*d + 53. Determine a(d).
14
Let c(d) be the first derivative of -d**2/2 + d - 1. Let j(y) = 7*y + 96. Suppose 22 = -2*k - 4. Let t be j(k). Give c(t).
-4
Let o(c) = 14*c - 29. Let a(v) = 3*v - 7. Let k(q) = 9*a(q) - 2*o(q). Suppose r = -2*j + 9, 0*j = -5*j - r + 24. Suppose -s + j*s + 28 = 0. Give k(s).
2
Let l(i) = -12*i + 4. Let z = 524 - 520. Calculate l(z).
-44
Let j(l) = -l + 1. Let t be ((4/7)/1)/((-92)/(-322)). Give j(t).
-1
Let f be -6 + (-186)/(-30) - 28/(-10). Suppose f*u = 3*x + 9, -5 = 4*x - u - 2. Let i(q) = q**3 + q**2 - 11. Calculate i(x).
-11
Let n be (4/(-12))/((-2)/18). Suppose -2 + n = -l - f, 0 = 5*l + 2*f - 10. Let w(c) = -l - c**2 + 3 + 5 - 2*c. Give w(-3).
1
Let s = -44/17 - -281/102. Let k(i) be the third derivative of s*i**3 + 0*i**4 - 2*i**2 + 0 + 1/15*i**5 + 0*i. Give k(-1).
5
Let y = -392 + 383. Let f(b) = b**2 + 8*b. Calculate f(y).
9
Let y(l) = l - 1. Let m(b) = 8*b - 12. Let x(i) = 2*m(i) - 18*y(i). Let u be x(-3). Let s(h) = 2*h - 4 + 5*h + u*h - 4*h. Calculate s(6).
14
Let f(j) be the first derivative of j**3/3 - j**2 + 3*j + 163. Calculate f(2).
3
Let y = 70 - 81. Let j(p) = p**3 + 10*p**2 - 10*p + 5. Let w be j(y). Let x(s) = s**2 + 5*s - 1. Determine x(w).
5
Let w(p) = -5*p**3 + p + 2. Suppose -52*n + 65 = -39. Determine w(n).
-36
Let p(c) be the third derivative of -c**5/60 - c**3/6 - c**2. Let o = -543 - -544. What is p(o)?
-2
Let g(j) be the third derivative of 0 + 1/60*j**5 + 1/2*j**3 + 5/24*j**4 + 21*j**2 + 0*j. Determine g(-5).
3
Let o = -11 - -14. Let w(u) = -u**2 - 5*u + 4. What is w(o)?
-20
Suppose -3*x + 33 = -3*k, -x - x + 2 = 2*k. Suppose 3 + 1 = 2*m. Let f(i) = 8*i - m*i - x - 1 + i**2. Determine f(-6).
-7
Suppose -3*z + 2*u = 16, 10*z + 22 = 6*z + 2*u. Let p(j) be the first derivative of -j**3/3 - 3*j**2 + 7*j + 1. Give p(z).
7
Let u(t) be the second derivative of -t**4/6 + 5*t**3/6 - 3*t**2/2 + 64*t. Calculate u(2).
-1
Let h(w) = -55*w**2 + 107*w**2 - 53*w**2. Suppose 8*s = -14 - 18. Give h(s).
-16
Let y = 8 - 11. Let a be 11 + (3 - 6)/y. Let h = 14 - a. Let f(m) = m**3 - 2. What is f(h)?
6
Let r(v) = -2*v - 4. Let y(h) = -h**2 - 8*h - 8. Let p be 264/154*14/(-4). Let c be y(p). Determine r(c).
-12
Let j(d) = -7*d**2 + 9*d + 19. Let a(g) = -g + 29 + 18*g - 11*g**2 - 4*g. Let z(v) = 5*a(v) - 8*j(v). Give z(7).
-7
Let n(w) = -w**3 + 4*w**2 - 3*w - 1. Let o be (42/4)/((-4)/8). Let d = o - -7. Let q = d - -18. What is n(q)?
-13
Let v(z) = -z**3 + 2*z**2 - z + 2. Let k(n) = 8*n**2 + 35*n + 6. Let r be k(-4). Suppose 5*x + 19 = -21. Let y = r - x. Give v(y).
0
Let t(a) = a**2 + 11*a + 32. Let r be t(-6). Let g(y) = 3 - 3 - r*y + 6. Let h(i) = -i. Let k be h(-5). Determine g(k).
-4
Suppose -z = 2*l - 6*z - 5, 0 = -5*l + z + 24. Let p(i) = 0*i**3 + 6*i**2 - i**3 - 4 - i**2. What is p(l)?
-4
Let r(h) = -2*h + 7. Suppose 5*z + 5 = 0, 0 = 2*s + 3*z - 4 - 7. Suppose -11*c + 24 = -s*c. Give r(c).
-5
Let s = -45 + 49. Let h(t) = 0 - 2 - 2*t + 1 + s*t. Give h(4).
7
Let f be 30/9 - 10/30. Let k(z) = z**3 - 2*z**2 - 3*z - 1. Calculate k(f).
-1
Suppose 0 = -2*w - w. Let u(v) = 2 - 16*v + w + 15*v. Determine u(0).
2
Let s(b) = -2*b + 26. Let c be s(14). Let l(v) = 7*v + 1. What is l(c)?
-13
Let f = -136 + 138. Let b(r) = -r**3 - 2*r**2 + 4*r + 1. Give b(f).
-7
Let x(v) be the third derivative of 3/8*v**4 + 0*v + 0*v**3 + 1/720*v**6 - 1/120*v**5 + 0 - 8*v**2. Let c(m) be the second derivative of x(m). Give c(2).
1
Let t = -13 + 130. Let g(k) = 2*k + 115 + t - 228. Calculate g(6).
16
Let w(k) = k**3 - 24*k**2 + 24*k - 33. Let f = -240 - -263. Determine w(f).
-10
Let n(x) be the second derivative of -3*x + 0 - 1/6*x**3 - x**2. Give n(3).
-5
Let q be 8/(-20) + 64/10. Let m(s) = 5*s - 19. Let k(t) = -11*t + 38. Let b(i) = 6*k(i) + 11*m(i). Let c(u) = -4*u + 6. Let o(n) = 3*b(n) - 8*c(n). Give o(q).
3
Let g(y) be the third derivative of y**5/60 - y**4/4 - 7*y**3/6 - y**2. Suppose -2*q + 40 = 3*q + 2*z, 15 = 4*q + 5*z. Let m = q + -4. Determine g(m).
-7
Let c(b) = -41*b**2 - 4*b - 10. Let t(s) = 8*s**2 + 1. Let o(u) = -c(u) - 5*t(u). Give o(-5).
10
Let z = -28 + 25. Let j(d) = 6*d - 22*d + 10*d + 2*d - 3. What is j(z)?
9
Suppose 2*y - 8 = -23*b + 25*b, -4*b = 5*y + 25. Let k(l) = -6*l**3 - 4*l**2 - 5*l - 2. What is k(y)?
5
Let r be (-1)/2*2*4. Let n(j) be the first derivative of j**7/840 + j**6/90 - j**4/6 + 4*j**3/3 + 16. Let v(p) be the third derivative of n(p). What is v(r)?
-4
Let k = -4 - -8. Let g(t) = -1. Let w(u) be the second derivative of u**4/12 + 5*u**3/6 - u. Let q(a) = k*g(a) - w(a). Calculate q(-4).
0
Let k(w) be the second derivative of -w**5/20 - w**4/6 - w**3/6 + 7*w**2/2 + 2*w - 42. What is k(0)?
7
Let g(h) = 2*h**3 + 26*h**2 - 20*h + 10. Let d(b) = 4*b**3 + 53*b**2 - 38*b + 21. Let n(m) = -3*d(m) + 5*g(m). Calculate n(-15).
2
Let h(u) = 32*u**2 + 3*u - 2. Suppose 0 = -3*d - 2*d + 5. Determine h(d).
33
Let m(s) = -15*s + 1. Let q(t) = 7*t. Let o(w) = 6*m(w) + 13*q(w). What is o(8)?
14
Let s = 546 - 549. Let i(a) = -2 - 4 - a + 3. What is i(s)?
0
Let x(h) = 16 + h - 16 + 5. Determine x(6).
11
Let f(u) = -u**3 + 9*u**2 + u - 5. Let i be f(9). Let w(n) be the first derivative of -i*n**2 - 5*n + 1/4*n**4 + 2 + 5/3*n**3. Calculate w(-6).
7
Let q(v) = v**2 - v - 7. Let f(h) = -8 + 4*h**2 + 8*h**2 - 2*h - 23*h**2 + 12*h**2. Let u(z) = -5*f(z) + 6*q(z). What is u(-5)?
3
Let y(x) = -5*x**2 + 2*x - 8. Let l(j) = -4*j**2 + 2*j - 7. Let k(c) = -7*l(c) + 6*y(c). Let m be 5*3/((-3)/2). Let v = -13 - m. Give k(v).
-11
Let q(n) = -3*n**2 + 10*n**3 + 2*n - 10*n - 9*n**3. Give q(5).
10
Suppose -2*d + 3*d = 1, -2*p = -2*d + 10. Let t(i) be the first derivative of 5*i - 1/2*i**2 - 5. Calculate t(p).
9
Let p be ((-12)/14)/((-9)/(-63)). Let m(i) = -7*i**2 - i - 1. Let k(w) = 13*w**2 + 2*w + 2. Let t(z) = p*k(z) - 11*m(z). What is t(0)?
-1
Let t be 25/375 + (-4)/(-40). Let u(p) be the second derivative of -5/2*p**2 - t*p**3 + 5*p + 0. What is u(-5)?
0
Let n(q) = 7*q**2 - 2*q - 3*q**3 - 6*q + 4*q**3 + 4. Let u = -2052 + 2044. Determine n(u).
4
Let c(l) be the second derivative of l**4/12 + 7*l**3/6 - l**2/2 - l. Let s be 17/(-5) + -3 + -7 + (-256)/(-40). Calculate c(s).
-1
Let n = -537 + 548. Let m(x) = -x + 11. Calculate m(n).
0
Let p(n) = -n**2 - n. Suppose 2*s + 18 = i + 53, -80 = -5*s - 5*i. Let x be 1/10*6 + s/5. Determine p(x).
-20
Let h(x) = x**2 + 17*x - 34. Suppose -5*q - 26 = -2*k + 63, -4*k - 50 = 2*q. Determine h(q).
4
Let k(p) = p**3 - 9*p**2 + 7*p + 3. Let c be k(8). Let u be (-14)/c + 4/(-5). Let w(i) = -8*i + 1. Give w(u).
-15
Suppose 97 - 13 = 12*o. Let u(l) = -5*l + 43. What is u(o)?
8
Let g(q) = -q**2 - 6*q. Suppose -5*o = -t - 3, -3*o + 0*t - 3*t = -9. Let a be 2 - 9 - (-8 + 5 + o). Determine g(a).
5
Let n(y) = 988*y**2 + 2 - 493*y**2 - 493*y**2 + 3*y + 4*y**3. Give n(-2).
-28
Let b be (-1)/(-8*4/(-224)). Let w(g) = g**2 + 11*g + 18. What is w(b)?
-10
Let x(g) = -g + 18. Suppose -551 + 148 = -31*p. Determine x(p).
5
Let s(j) = j + 7. Suppose -3*m + 28 = -26. Let v = 1 - 1. Suppose 5*u - 2*u + m = v. Determine s(u).
1
Let k(r) = 3 - 6 + 1 - 9*r - 1. Let i be 3/1 - -6*(-30)/36. What is k(i)?
15
Let u(f) = 4*f + 4. Let a(o) =